{"id":13077,"date":"2024-01-23T11:45:30","date_gmt":"2024-01-23T10:45:30","guid":{"rendered":"https:\/\/elektro-fontana.com\/?post_type=product&#038;p=13077"},"modified":"2026-03-20T11:13:41","modified_gmt":"2026-03-20T10:13:41","slug":"aeg-atb48e1aw","status":"publish","type":"product","link":"https:\/\/elektro-fontana.com\/it\/produkt\/aeg-atb48e1aw\/","title":{"rendered":"AEG ATB48E1AW"},"content":{"rendered":"","protected":false},"excerpt":{"rendered":"<table style=\"height: 247px;\" width=\"557\">\n<tbody>\n<tr>\n<td>\n<h4><span style=\"color: #0f62ab;\"><strong>Dettagli prodotto:<\/strong><\/span><\/h4>\n<\/td>\n<td>\n<h4><span style=\"color: #0f62ab;\"><strong>Congelatore da tavolo a libero posizionamento<\/strong><\/span><\/h4>\n<\/td>\n<\/tr>\n<tr>\n<td>Classe Efficienza Energetica:<\/td>\n<td>E<\/td>\n<\/tr>\n<tr>\n<td>Consumo energetico annuo:<\/td>\n<td>164 kWh<\/td>\n<\/tr>\n<tr>\n<td>Rumorosit\u00e0:<\/td>\n<td>38 dB(A)<\/td>\n<\/tr>\n<tr>\n<td>Volume totale:<\/td>\n<td>85 l<\/td>\n<\/tr>\n<tr>\n<td>Tipo di controllo:<\/td>\n<td>Meccanico<\/td>\n<\/tr>\n<tr>\n<td>Autonomia Black-Out:<\/td>\n<td>15 h<\/td>\n<\/tr>\n<tr>\n<td>Misure esterne in cm (A\/L\/P):<\/td>\n<td>84,5 \/ 56 \/ 57,5<\/td>\n<\/tr>\n<\/tbody>\n<\/table>\n<h3><strong><span style=\"color: #ff0000;\"><span style=\"color: #0f62ab;\">Disponibile entro pochi giorni &#8211; Prezzo su richiesta<\/span><\/span><\/strong><\/h3>\n<hr>\n<h3><\/h3>\n","protected":false},"featured_media":13079,"comment_status":"closed","ping_status":"closed","template":"","meta":[],"product_brand":[],"product_cat":[290,177,179,505],"product_tag":[],"class_list":{"0":"post-13077","1":"product","2":"type-product","3":"status-publish","4":"has-post-thumbnail","6":"product_cat-aeg-it","7":"product_cat-bianco","8":"product_cat-congelatori","9":"product_cat-congelatori-da-tavolo","11":"first","12":"instock","13":"shipping-taxable","14":"product-type-simple"},"yoast_head":"<!-- This site is optimized with the Yoast SEO plugin v27.4 - https:\/\/yoast.com\/product\/yoast-seo-wordpress\/ -->\n<title>AEG ATB48E1AW - Elektrofachmarkt Fontana Meran<\/title>\n<meta name=\"robots\" content=\"index, follow, max-snippet:-1, max-image-preview:large, max-video-preview:-1\" \/>\n<link rel=\"canonical\" href=\"https:\/\/elektro-fontana.com\/it\/produkt\/aeg-atb48e1aw\/\" \/>\n<meta property=\"og:locale\" content=\"it_IT\" \/>\n<meta property=\"og:type\" content=\"article\" \/>\n<meta property=\"og:title\" content=\"AEG ATB48E1AW - Elektrofachmarkt Fontana Meran\" \/>\n<meta property=\"og:description\" content=\"Dettagli prodotto:  Congelatore da tavolo a libero posizionamento  Classe Efficienza Energetica: E  Consumo energetico annuo: 164 kWh  Rumorosit\u00e0: 38 dB(A)  Volume totale: 85 l  Tipo di controllo: Meccanico  Autonomia Black-Out: 15 h  Misure esterne in cm (A\/L\/P): 84,5 \/ 56 \/ 57,5  Disponibile entro pochi giorni - Prezzo su richiesta\" \/>\n<meta property=\"og:url\" content=\"https:\/\/elektro-fontana.com\/it\/produkt\/aeg-atb48e1aw\/\" \/>\n<meta property=\"og:site_name\" content=\"Elektrofachmarkt Fontana Meran\" \/>\n<meta property=\"article:modified_time\" content=\"2026-03-20T10:13:41+00:00\" \/>\n<meta property=\"og:image\" content=\"https:\/\/elektro-fontana.com\/shop\/wp-content\/uploads\/2024\/01\/AEG-ATB-48E1-AW-01.jpg\" \/>\n\t<meta property=\"og:image:width\" content=\"1000\" \/>\n\t<meta property=\"og:image:height\" content=\"1000\" \/>\n\t<meta property=\"og:image:type\" content=\"image\/jpeg\" \/>\n<meta name=\"twitter:card\" content=\"summary_large_image\" \/>\n<script type=\"application\/ld+json\" class=\"yoast-schema-graph\">{\"@context\":\"https:\\\/\\\/schema.org\",\"@graph\":[{\"@type\":\"WebPage\",\"@id\":\"https:\\\/\\\/elektro-fontana.com\\\/it\\\/produkt\\\/aeg-atb48e1aw\\\/\",\"url\":\"https:\\\/\\\/elektro-fontana.com\\\/it\\\/produkt\\\/aeg-atb48e1aw\\\/\",\"name\":\"AEG ATB48E1AW - Elektrofachmarkt Fontana Meran\",\"isPartOf\":{\"@id\":\"https:\\\/\\\/elektro-fontana.com\\\/#website\"},\"primaryImageOfPage\":{\"@id\":\"https:\\\/\\\/elektro-fontana.com\\\/it\\\/produkt\\\/aeg-atb48e1aw\\\/#primaryimage\"},\"image\":{\"@id\":\"https:\\\/\\\/elektro-fontana.com\\\/it\\\/produkt\\\/aeg-atb48e1aw\\\/#primaryimage\"},\"thumbnailUrl\":\"https:\\\/\\\/elektro-fontana.com\\\/shop\\\/wp-content\\\/uploads\\\/2024\\\/01\\\/AEG-ATB-48E1-AW-01.jpg\",\"datePublished\":\"2024-01-23T10:45:30+00:00\",\"dateModified\":\"2026-03-20T10:13:41+00:00\",\"breadcrumb\":{\"@id\":\"https:\\\/\\\/elektro-fontana.com\\\/it\\\/produkt\\\/aeg-atb48e1aw\\\/#breadcrumb\"},\"inLanguage\":\"it-IT\",\"potentialAction\":[{\"@type\":\"ReadAction\",\"target\":[\"https:\\\/\\\/elektro-fontana.com\\\/it\\\/produkt\\\/aeg-atb48e1aw\\\/\"]}]},{\"@type\":\"ImageObject\",\"inLanguage\":\"it-IT\",\"@id\":\"https:\\\/\\\/elektro-fontana.com\\\/it\\\/produkt\\\/aeg-atb48e1aw\\\/#primaryimage\",\"url\":\"https:\\\/\\\/elektro-fontana.com\\\/shop\\\/wp-content\\\/uploads\\\/2024\\\/01\\\/AEG-ATB-48E1-AW-01.jpg\",\"contentUrl\":\"https:\\\/\\\/elektro-fontana.com\\\/shop\\\/wp-content\\\/uploads\\\/2024\\\/01\\\/AEG-ATB-48E1-AW-01.jpg\",\"width\":1000,\"height\":1000},{\"@type\":\"BreadcrumbList\",\"@id\":\"https:\\\/\\\/elektro-fontana.com\\\/it\\\/produkt\\\/aeg-atb48e1aw\\\/#breadcrumb\",\"itemListElement\":[{\"@type\":\"ListItem\",\"position\":1,\"name\":\"Startseite\",\"item\":\"https:\\\/\\\/elektro-fontana.com\\\/it\\\/\"},{\"@type\":\"ListItem\",\"position\":2,\"name\":\"Onlineshop\",\"item\":\"https:\\\/\\\/elektro-fontana.com\\\/it\\\/shop\\\/\"},{\"@type\":\"ListItem\",\"position\":3,\"name\":\"AEG ATB48E1AW\"}]},{\"@type\":\"WebSite\",\"@id\":\"https:\\\/\\\/elektro-fontana.com\\\/#website\",\"url\":\"https:\\\/\\\/elektro-fontana.com\\\/\",\"name\":\"Elektrofachmarkt Fontana Meran\",\"description\":\"Bei uns finden Sie die wahrscheinlich gr\u00f6\u00dfte Auswahl an hochwertigen Elektroger\u00e4ten in und um Meran, sowie die beste pers\u00f6nliche Beratung\",\"potentialAction\":[{\"@type\":\"SearchAction\",\"target\":{\"@type\":\"EntryPoint\",\"urlTemplate\":\"https:\\\/\\\/elektro-fontana.com\\\/?s={search_term_string}\"},\"query-input\":{\"@type\":\"PropertyValueSpecification\",\"valueRequired\":true,\"valueName\":\"search_term_string\"}}],\"inLanguage\":\"it-IT\"}]}<\/script>\n<!-- \/ Yoast SEO plugin. -->","yoast_head_json":{"title":"AEG ATB48E1AW - Elektrofachmarkt Fontana Meran","robots":{"index":"index","follow":"follow","max-snippet":"max-snippet:-1","max-image-preview":"max-image-preview:large","max-video-preview":"max-video-preview:-1"},"canonical":"https:\/\/elektro-fontana.com\/it\/produkt\/aeg-atb48e1aw\/","og_locale":"it_IT","og_type":"article","og_title":"AEG ATB48E1AW - Elektrofachmarkt Fontana Meran","og_description":"Dettagli prodotto:  Congelatore da tavolo a libero posizionamento  Classe Efficienza Energetica: E  Consumo energetico annuo: 164 kWh  Rumorosit\u00e0: 38 dB(A)  Volume totale: 85 l  Tipo di controllo: Meccanico  Autonomia Black-Out: 15 h  Misure esterne in cm (A\/L\/P): 84,5 \/ 56 \/ 57,5  Disponibile entro pochi giorni - Prezzo su richiesta","og_url":"https:\/\/elektro-fontana.com\/it\/produkt\/aeg-atb48e1aw\/","og_site_name":"Elektrofachmarkt Fontana Meran","article_modified_time":"2026-03-20T10:13:41+00:00","og_image":[{"width":1000,"height":1000,"url":"https:\/\/elektro-fontana.com\/shop\/wp-content\/uploads\/2024\/01\/AEG-ATB-48E1-AW-01.jpg","type":"image\/jpeg"}],"twitter_card":"summary_large_image","schema":{"@context":"https:\/\/schema.org","@graph":[{"@type":"WebPage","@id":"https:\/\/elektro-fontana.com\/it\/produkt\/aeg-atb48e1aw\/","url":"https:\/\/elektro-fontana.com\/it\/produkt\/aeg-atb48e1aw\/","name":"AEG ATB48E1AW - Elektrofachmarkt Fontana Meran","isPartOf":{"@id":"https:\/\/elektro-fontana.com\/#website"},"primaryImageOfPage":{"@id":"https:\/\/elektro-fontana.com\/it\/produkt\/aeg-atb48e1aw\/#primaryimage"},"image":{"@id":"https:\/\/elektro-fontana.com\/it\/produkt\/aeg-atb48e1aw\/#primaryimage"},"thumbnailUrl":"https:\/\/elektro-fontana.com\/shop\/wp-content\/uploads\/2024\/01\/AEG-ATB-48E1-AW-01.jpg","datePublished":"2024-01-23T10:45:30+00:00","dateModified":"2026-03-20T10:13:41+00:00","breadcrumb":{"@id":"https:\/\/elektro-fontana.com\/it\/produkt\/aeg-atb48e1aw\/#breadcrumb"},"inLanguage":"it-IT","potentialAction":[{"@type":"ReadAction","target":["https:\/\/elektro-fontana.com\/it\/produkt\/aeg-atb48e1aw\/"]}]},{"@type":"ImageObject","inLanguage":"it-IT","@id":"https:\/\/elektro-fontana.com\/it\/produkt\/aeg-atb48e1aw\/#primaryimage","url":"https:\/\/elektro-fontana.com\/shop\/wp-content\/uploads\/2024\/01\/AEG-ATB-48E1-AW-01.jpg","contentUrl":"https:\/\/elektro-fontana.com\/shop\/wp-content\/uploads\/2024\/01\/AEG-ATB-48E1-AW-01.jpg","width":1000,"height":1000},{"@type":"BreadcrumbList","@id":"https:\/\/elektro-fontana.com\/it\/produkt\/aeg-atb48e1aw\/#breadcrumb","itemListElement":[{"@type":"ListItem","position":1,"name":"Startseite","item":"https:\/\/elektro-fontana.com\/it\/"},{"@type":"ListItem","position":2,"name":"Onlineshop","item":"https:\/\/elektro-fontana.com\/it\/shop\/"},{"@type":"ListItem","position":3,"name":"AEG ATB48E1AW"}]},{"@type":"WebSite","@id":"https:\/\/elektro-fontana.com\/#website","url":"https:\/\/elektro-fontana.com\/","name":"Elektrofachmarkt Fontana Meran","description":"Bei uns finden Sie die wahrscheinlich gr\u00f6\u00dfte Auswahl an hochwertigen Elektroger\u00e4ten in und um Meran, sowie die beste pers\u00f6nliche Beratung","potentialAction":[{"@type":"SearchAction","target":{"@type":"EntryPoint","urlTemplate":"https:\/\/elektro-fontana.com\/?s={search_term_string}"},"query-input":{"@type":"PropertyValueSpecification","valueRequired":true,"valueName":"search_term_string"}}],"inLanguage":"it-IT"}]}},"_links":{"self":[{"href":"https:\/\/elektro-fontana.com\/it\/wp-json\/wp\/v2\/product\/13077","targetHints":{"allow":["GET"]}}],"collection":[{"href":"https:\/\/elektro-fontana.com\/it\/wp-json\/wp\/v2\/product"}],"about":[{"href":"https:\/\/elektro-fontana.com\/it\/wp-json\/wp\/v2\/types\/product"}],"replies":[{"embeddable":true,"href":"https:\/\/elektro-fontana.com\/it\/wp-json\/wp\/v2\/comments?post=13077"}],"wp:featuredmedia":[{"embeddable":true,"href":"https:\/\/elektro-fontana.com\/it\/wp-json\/wp\/v2\/media\/13079"}],"wp:attachment":[{"href":"https:\/\/elektro-fontana.com\/it\/wp-json\/wp\/v2\/media?parent=13077"}],"wp:term":[{"taxonomy":"product_brand","embeddable":true,"href":"https:\/\/elektro-fontana.com\/it\/wp-json\/wp\/v2\/product_brand?post=13077"},{"taxonomy":"product_cat","embeddable":true,"href":"https:\/\/elektro-fontana.com\/it\/wp-json\/wp\/v2\/product_cat?post=13077"},{"taxonomy":"product_tag","embeddable":true,"href":"https:\/\/elektro-fontana.com\/it\/wp-json\/wp\/v2\/product_tag?post=13077"}],"curies":[{"name":"wp","href":"https:\/\/api.w.org\/{rel}","templated":true}]}}

<table style="height: 247px;" width="557">
<tbody>
<tr>
<td>
<h4><span style="color: #0f62ab;"><strong>Dettagli prodotto:</strong></span></h4>
</td>
<td>
<h4><span style="color: #0f62ab;"><strong>Congelatore da tavolo a libero posizionamento</strong></span></h4>
</td>
</tr>
<tr>
<td>Classe Efficienza Energetica:</td>
<td>E</td>
</tr>
<tr>
<td>Consumo energetico annuo:</td>
<td>164 kWh</td>
</tr>
<tr>
<td>Rumorosità:</td>
<td>38 dB(A)</td>
</tr>
<tr>
<td>Volume totale:</td>
<td>85 l</td>
</tr>
<tr>
<td>Tipo di controllo:</td>
<td>Meccanico</td>
</tr>
<tr>
<td>Autonomia Black-Out:</td>
<td>15 h</td>
</tr>
<tr>
<td>Misure esterne in cm (A/L/P):</td>
<td>84,5 / 56 / 57,5</td>
</tr>
</tbody>
</table>
<h3><strong><span style="color: #ff0000;"><span style="color: #0f62ab;">Disponibile entro pochi giorni &#8211; Prezzo su richiesta</span></span></strong></h3>
<hr>
<h3></h3>

<!-- This site is optimized with the Yoast SEO plugin v27.4 - https://yoast.com/product/yoast-seo-wordpress/ -->
<title>AEG ATB48E1AW - Elektrofachmarkt Fontana Meran</title>
<meta name="robots" content="index, follow, max-snippet:-1, max-image-preview:large, max-video-preview:-1" />
<link rel="canonical" href="https://elektro-fontana.com/it/produkt/aeg-atb48e1aw/" />
<meta property="og:locale" content="it_IT" />
<meta property="og:type" content="article" />
<meta property="og:title" content="AEG ATB48E1AW - Elektrofachmarkt Fontana Meran" />
<meta property="og:description" content="Dettagli prodotto:  Congelatore da tavolo a libero posizionamento  Classe Efficienza Energetica: E  Consumo energetico annuo: 164 kWh  Rumorosità: 38 dB(A)  Volume totale: 85 l  Tipo di controllo: Meccanico  Autonomia Black-Out: 15 h  Misure esterne in cm (A/L/P): 84,5 / 56 / 57,5  Disponibile entro pochi giorni - Prezzo su richiesta" />
<meta property="og:url" content="https://elektro-fontana.com/it/produkt/aeg-atb48e1aw/" />
<meta property="og:site_name" content="Elektrofachmarkt Fontana Meran" />
<meta property="article:modified_time" content="2026-03-20T10:13:41+00:00" />
<meta property="og:image" content="https://elektro-fontana.com/shop/wp-content/uploads/2024/01/AEG-ATB-48E1-AW-01.jpg" />
	<meta property="og:image:width" content="1000" />
	<meta property="og:image:height" content="1000" />
	<meta property="og:image:type" content="image/jpeg" />
<meta name="twitter:card" content="summary_large_image" />
<script type="application/ld+json" class="yoast-schema-graph">{"@context":"https:\/\/schema.org","@graph":[{"@type":"WebPage","@id":"https:\/\/elektro-fontana.com\/it\/produkt\/aeg-atb48e1aw\/","url":"https:\/\/elektro-fontana.com\/it\/produkt\/aeg-atb48e1aw\/","name":"AEG ATB48E1AW - Elektrofachmarkt Fontana Meran","isPartOf":{"@id":"https:\/\/elektro-fontana.com\/#website"},"primaryImageOfPage":{"@id":"https:\/\/elektro-fontana.com\/it\/produkt\/aeg-atb48e1aw\/#primaryimage"},"image":{"@id":"https:\/\/elektro-fontana.com\/it\/produkt\/aeg-atb48e1aw\/#primaryimage"},"thumbnailUrl":"https:\/\/elektro-fontana.com\/shop\/wp-content\/uploads\/2024\/01\/AEG-ATB-48E1-AW-01.jpg","datePublished":"2024-01-23T10:45:30+00:00","dateModified":"2026-03-20T10:13:41+00:00","breadcrumb":{"@id":"https:\/\/elektro-fontana.com\/it\/produkt\/aeg-atb48e1aw\/#breadcrumb"},"inLanguage":"it-IT","potentialAction":[{"@type":"ReadAction","target":["https:\/\/elektro-fontana.com\/it\/produkt\/aeg-atb48e1aw\/"]}]},{"@type":"ImageObject","inLanguage":"it-IT","@id":"https:\/\/elektro-fontana.com\/it\/produkt\/aeg-atb48e1aw\/#primaryimage","url":"https:\/\/elektro-fontana.com\/shop\/wp-content\/uploads\/2024\/01\/AEG-ATB-48E1-AW-01.jpg","contentUrl":"https:\/\/elektro-fontana.com\/shop\/wp-content\/uploads\/2024\/01\/AEG-ATB-48E1-AW-01.jpg","width":1000,"height":1000},{"@type":"BreadcrumbList","@id":"https:\/\/elektro-fontana.com\/it\/produkt\/aeg-atb48e1aw\/#breadcrumb","itemListElement":[{"@type":"ListItem","position":1,"name":"Startseite","item":"https:\/\/elektro-fontana.com\/it\/"},{"@type":"ListItem","position":2,"name":"Onlineshop","item":"https:\/\/elektro-fontana.com\/it\/shop\/"},{"@type":"ListItem","position":3,"name":"AEG ATB48E1AW"}]},{"@type":"WebSite","@id":"https:\/\/elektro-fontana.com\/#website","url":"https:\/\/elektro-fontana.com\/","name":"Elektrofachmarkt Fontana Meran","description":"Bei uns finden Sie die wahrscheinlich größte Auswahl an hochwertigen Elektrogeräten in und um Meran, sowie die beste persönliche Beratung","potentialAction":[{"@type":"SearchAction","target":{"@type":"EntryPoint","urlTemplate":"https:\/\/elektro-fontana.com\/?s={search_term_string}"},"query-input":{"@type":"PropertyValueSpecification","valueRequired":true,"valueName":"search_term_string"}}],"inLanguage":"it-IT"}]}</script>
<!-- / Yoast SEO plugin. -->

Dettagli prodotto:  Congelatore da tavolo a libero posizionamento  Classe Efficienza Energetica: E  Consumo energetico annuo: 164 kWh  Rumorosità: 38 dB(A)  Volume totale: 85 l  Tipo di controllo: Meccanico  Autonomia Black-Out: 15 h  Misure esterne in cm (A/L/P): 84,5 / 56 / 57,5  Disponibile entro pochi giorni - Prezzo su richiesta

Bei uns finden Sie die wahrscheinlich größte Auswahl an hochwertigen Elektrogeräten in und um Meran, sowie die beste persönliche Beratung
